-12
Let l(s) = -15*s**2 - 5*s**3 - 3*s**3 + 13*s**2 - 1 + 5*s - 3 + 9*s**3. Give l(2).
6
Let o(f) = -3*f**3 - f**2 - f - 1. Suppose 2*v = -2*v. Suppose -5*d - d - 6 = v. Calculate o(d).
2
Let g be (-15)/10*((-14)/(-6) - 1). Let n be 0 - g/(-8) - (-78)/24. Let u(q) = 2*q - 4. Give u(n).
2
Let k(x) = 3*x - 10. Let i = -716 - -719. Determine k(i).
-1
Let w(m) = -2*m - 6. Let g(t) = t + 3. Let k(i) = -9*g(i) - 4*w(i). Let c(f) = 3*f - 3. Let o(u) = u**2 + u - 1. Let x be o(1). Let y be c(x). Calculate k(y).
-3
Let s be 215/45 - (-4)/18. Let r(t) be the third derivative of -t**6/120 + t**5/10 - t**4/6 + t**3/6 + 11*t**2. Determine r(s).
6
Let q be (-37)/222 - (-130)/(-12). Let k(a) = -a**3 - 12*a**2 - 12*a - 10. What is k(q)?
1
Suppose -4*p - 5*h + 1 = -7*p, -5*p - 6 = -4*h. Let x(b) = b**3 - 3*b + 3. Let j(d) = -d**3 + 3*d - 4. Let u(t) = -6*j(t) - 7*x(t). Determine u(p).
5
Let l be (0 + -5)*(0 + -1). Let h be -18*((-6)/15 - (-1)/15). Let s(f) = -7*f - h*f**2 - 12*f**2 + 19*f**2. Give s(l).
-10
Let j = 10 + -5. Let i(r) be the first derivative of -1/3*r**3 + 7/2*r**2 + 3*r + 29. Determine i(j).
13
Suppose 15 = -4*z - n, -3*z - 2*z - n = 19. Let o(h) be the first derivative of -h**3/3 - 7*h**2/2 - 5*h + 109. Give o(z).
7
Let u(w) = -2 - 53*w - 3*w**2 + 4*w**2 + 52*w. Suppose 5*h = -z + 22 - 4, 3*h - 20 = 4*z. Determine u(z).
4
Let a(c) = c**2 + 3*c - 6. Let t be (-15 - (5 - 19)) + 5/(-1). Calculate a(t).
12
Let d(z) be the second derivative of -z**3/2 - 21*z**2/2 + 121*z - 1. Calculate d(-8).
3
Let p(i) = -i**2 + i. Let s(q) = -4*q**2 + 4*q - 7. Let c(o) = -o**2 + 5*o + 7. Let r be c(6). Let a(l) = r*s(l) - 5*p(l). Determine a(0).
-7
Let q(w) = w - 8. Let f(l) be the first derivative of -l**3/3 + 5*l**2 - 9*l + 5. Let n be f(9). Suppose 9*y - 10*y = n. What is q(y)?
-8
Let u(q) = q + 4. Let x(d) = -3*d**3 + 48*d**2 - 48*d + 40. Let p(l) = 2*l**3 - 32*l**2 + 32*l - 27. Let y(m) = 7*p(m) + 5*x(m). Let b be y(15). Determine u(b).
0
Let d(p) = -2*p**3 + 4*p**2 - p + 4. Let u(q) = -3*q**3 + 5*q**2 - q + 5. Let j(z) = -4*d(z) + 3*u(z). Suppose -v = -c - 4, 5*v = -3*c + 5*c + 23. Give j(c).
-2
Suppose 5*p + 38 = 4*q, 0 = 394*q - 389*q + 2*p - 31. Let o(u) = 3*u**2 - 24*u + 2. Let t(x) = -x**2 + 8*x - 1. Let s(w) = -2*o(w) - 7*t(w). What is s(q)?
-4
Let s(k) = -k**3 + k**2 - k + 1. Let f(m) = 7*m**3 - 4*m**2 + 2*m - 7. Let x(g) = f(g) + 6*s(g). Suppose 340 - 391 = 17*u. Determine x(u).
2
Let j(i) = -i**3 - i**2 + 3*i + 1. Let d(p) = -3*p**3 + 8*p**2 + 6*p. Let v(a) = -d(a) + 2*j(a). Calculate v(10).
2
Let n(d) = d**3 + 7*d**2 + 10*d + 71. Let h be n(-7). Let t(j) = -44*j**2 - 1. What is t(h)?
-45
Let a be ((-2)/(-6))/((-2)/(-72)). Suppose -a - 3 = -5*o. Suppose o*c - 12 = -c. Let g(s) = -s**3 + 4*s**2 - 5*s + 3. Give g(c).
-3
Let b = -375 + 373. Let m(p) = 6*p**2 + 2*p - 1. Determine m(b).
19
Suppose -4*k - 16 = 4*j - 9*k, -5*k + 18 = -2*j. Let w(b) = 7*b - b + 3*b + 0*b - j. Determine w(-1).
-10
Let q = -68 + 70. Suppose q*o = 8*o + 30. Let c(f) = f - 2 + 4 - 3. Determine c(o).
-6
Let n(q) = -q**3 - 14*q**2 + 14*q - 13. Let h be n(-15). Let p(v) = -h*v**3 + 2*v + 1 - 2*v + v. Let k = -4 + 3. What is p(k)?
2
Let w(i) = i + 5 + 4 - 2 + 0. Suppose 5*b - 5 = -5*a, -4*a = -b + 4 + 12. Suppose b*x = 7*x + 15. Calculate w(x).
2
Let t(x) = 2*x + 10. Let l be t(-4). Let s(f) = 16*f**2 - f**3 + 13*f**2 + f + 5 - 22*f**l. Determine s(7).
12
Let g(h) be the first derivative of -h**4/4 + 5*h**3/3 + 2*h**2 + 10*h + 8. Let b be g(6). Let m(l) = -3*l**2 - 4*l - 2. Determine m(b).
-6
Suppose -3*f - 21 = -3*a, 4*f = -2*a + 4*a - 22. Let o be 8 - 2 - f/(-12)*0. Let q(v) = -v**2 + 4*v + 2. What is q(o)?
-10
Let s(t) = t**2 + 11*t + 8. Let w(k) = k**2 + 8*k - 2. Let l be w(-7). Give s(l).
-10
Suppose -22 = 2*b + 4*v, -7 = 5*v + 3. Let t be (-4)/(-4) + 1 + (b - 2). Let l(k) = -k - 8. Calculate l(t).
-1
Let y(f) = 6*f + f**2 + 168 - 332 + 152. Determine y(-9).
15
Let c(l) = l**2 - l - 3. Let g be 8/6*2/4*-6. What is c(g)?
17
Let p(g) = -g**2 + 4*g + 2. Suppose 0 = -11*q + 10*q + 22. Let w be 874/133 - (q/14 - 1). What is p(w)?
-10
Let s(z) be the second derivative of -1/12*z**4 + 0 + 10*z - 4*z**2 + 7/6*z**3. Calculate s(7).
-8
Suppose q - 3 = -1. Let s(f) = -2399*f**2 + 2400*f**q - 8 - 2*f - 4*f. What is s(6)?
-8
Let w(j) = 15*j - 1. Let n(p) = p**3 - 13*p**2 - 12*p + 5. Let v be n(14). Let r = v + -34. Calculate w(r).
-16
Let g(y) = -261 + 496 + 2*y - 238. Let i = 4 + -1. Give g(i).
3
Let l(w) = 1 - 815*w**2 + w**3 + 4 + 808*w**2 - 1. Give l(7).
4
Let j(k) = 12*k**2 + 2*k + 1. Suppose -3*g - g = -4*l - 12, 4*l = -16. What is j(g)?
11
Let x(y) = 3*y**2 - 142 + 4*y + 4*y**2 + 69 + y**3 + 70. Calculate x(-6).
9
Let v = 959 - 962. Let q(w) = -3*w**3 - 3*w**2 - 2*w - 3. Determine q(v).
57
Let q(v) = -v + 7. Let d be q(0). Let o = 0 + d. Suppose 0 = 2*u + 2, -3*m - o = -m + u. Let a(i) = 2*i**2 + 2*i - 3. Determine a(m).
9
Let b(f) = -4 + 44*f + f**2 + 0*f**2 - 131*f + 48*f + 43*f. Determine b(3).
17
Let y(n) = 0*n**2 + 3*n**2 - n**2 + n - n**2 - 4. Suppose -10 = 5*m - 0. Let h = -2 - m. Determine y(h).
-4
Let b = -9 + 12. Let s be -3 + (3 + -4)*b. Let u be s + 2 + 0 + 1. Let f(x) = x**3 + 5*x**2 + 2*x - 3. Give f(u).
9
Let o(g) = 16*g + 2 + 2*g - 11*g + 13 + 11*g**2. Let j(l) = -5*l**2 - 4*l - 7. Let y(u) = -13*j(u) - 6*o(u). Give y(7).
22
Let a(n) = n - 5. Suppose -1 = 4*m - 25. Let k be (-9)/(-18) + (-6)/(-4). Suppose -m*h = -k*h. Determine a(h).
-5
Let g(b) be the second derivative of b**5/20 + b**4/12 - b**3/6 + 11*b**2 + 450*b. Give g(0).
22
Let z be (-8 + 9)*15/10. Let x(g) be the first derivative of 0*g - z*g**2 - 1. Give x(-1).
3
Let s = -147 + 148. Let p(h) = s - 4*h + 3*h - 4*h + h. Determine p(3).
-11
Let c = 2412 + -2407. Let f(v) be the second derivative of -6*v - 1/10*v**c + 1/6*v**4 + 1/2*v**2 + 0 - 1/2*v**3. Determine f(2).
-13
Let o(s) = -7*s + 4 - 680*s**2 + 681*s**2 + 2. Suppose h = 5*h - 24. Give o(h).
0
Let w(y) = y**3 + 8*y**2 + 4. Let p be (-9)/9 + (-7)/1. Let z be w(p). Let h be (5/2)/(5/z). Let n(i) = -i + 2. Determine n(h).
0
Let j(t) = -t**2 - t + 1. Let f be 1/(-6) + (-338)/(-12). Suppose -5 = -33*k + f*k. Calculate j(k).
-1
Suppose -2*y - 5*t + 2 = 0, 3*t + 114 = 2*y + 112. Let g(r) be the first derivative of r**2 - r - 1. Determine g(y).
1
Let u(o) = 0 + 9*o**2 - 3*o**2 - 3 - 2*o**2. Let b(x) = -x**2 + 1. Let j(s) = 3*b(s) + u(s). Give j(0).
0
Let y(a) = -2*a + 2*a - 1 + a + 601*a**2 - 599*a**2. Determine y(4).
35
Let x(s) be the first derivative of s**4/4 + s**3/3 + 13*s - 3. Suppose -3*p = -4*p + 5. Suppose -p*k = -13*k. Determine x(k).
13
Let k(g) = g**3 - 2*g**2 + g - 2. Let s(m) = -3*m**3 - m**2 - 4*m - 8. Let y(r) = -2*k(r) - s(r). Determine y(-5).
2
Let z = -6 + -10. Let f = z + 12. Let w(m) be the first derivative of -m**4/4 - m**3 + 2*m**2 + 6*m - 1. Calculate w(f).
6
Let a(y) be the third derivative of -y**6/120 + 2*y**5/15 - y**4/6 - y**3 - 23*y**2 - 1. Calculate a(6).
42
Let y(o) = 0*o + o - 3 + 0 + 2 - 3. Let u(t) = t**2 + 6*t - 10. Let n be u(-7). Give y(n).
-7
Suppose 88 + 16 = 4*u. Let j(f) = -2 + 12 - u*f - 3 + 25*f. What is j(5)?
2
Suppose -4*j + 11*v = 14*v + 2, v + 4 = 2*j. Let w(g) = 7*g**2 - 1. Give w(j).
6
Suppose 3*s - 15 = 4*o, -3*o + 3*s - 5 = 2*s. Let f(p) = -3*p + o + p - 1. Let x = -337 + 336. What is f(x)?
1
Let w(v) be the first derivative of -v**4/12 + 7*v**3/6 - 3*v**2/2 - 22*v - 4. Let i(h) be the first derivative of w(h). What is i(5)?
7
Let f(k) = -k - 7. Let g be f(-8). Let h(d) = 2*d**3 - 4*d**2 - d + 8. Let c(y) = -2*y**3 + 5*y**2 + 2*y - 12. Let l(w) = -2*c(w) - 3*h(w). What is l(g)?
-1
Let m = -129/5 + 392/15. Let z(b) be the second derivative of -5*b - m*b**3 + 5*b**2 + 0. Give z(8).
-6
Let z(f) = f**2 - 6. Let r = -30 - -35. Suppose -4*n = -5*c - 5, 0 = -3*n - 5*c - r. Let s be z(n). Let g(m) = m**2 + 5*m - 1. Give g(s).
5
Let n(z) = -3*z**3 - 40*z**2 + 21*z + 8. Let s(f) = f**3 + 19*f**2 - 11*f - 4. Let l(d) = 2*n(d) + 5*s(d). Calculate l(14).
10
Let l(o) = -o**2 - o + 2*o + 0*o**2 + 19*o**3 - 1. Let p = -10 - -11. What is l(p)?
18
Suppose 4*x + 1 = -11. Let b(l) = -3*l - 2. Let d = 0 - -1. Let q(s) = s - 1. Let i(o) = d*b(o) + 2*q(o). Determine i(x).
-1
Let v(c) = -2*c - 3. Let b(h) = 6*h + 8. Let o(l)